e (24 - (33 + 5)) + -3 + 6 + -4.
-15
What is -17 + (-14 - ((-2 - -5) + -6))?
-28
What is the value of -5 - (-117 + 155 - (9 - 0 - 1))?
-35
What is -5 - (-72 + (23 - 23 - -34))?
33
What is -19 + (1 - 21 - -106) - (1 + -10)?
76
71 - 79 - (2 + -51 - (-30 + 25))
36
-148 + (-31 - -29) + 96
-54
What is the value of 0 - 8 - (54 + 1 - 59)?
-4
Calculate 12 + 5 + -119 + (-9 - -13) + 16.
-82
Evaluate -20 + (-19 - -20) + 23 - (-11 - 2).
17
Evaluate -19 + 53 + 78 + -216.
-104
What is -800 + 844 + (-11 - -1)?
34
What is the value of (-28 - -26 - ((-4 - 4) + 1)) + -15?
-10
What is the value of -10 + (9 - -7 - 7 - 24 - 11)?
-36
Calculate (-48 + 16 - 4) + 8 - -48.
20
8 + -2 + 2 + 2 - 12
-2
(6 + (-18 - -9) + -11 + 17 - -11) + 7
21
What is 10 - (-37 + 0 - -38) - 85?
-76
What is the value of 45 - (47 - 9) - 2?
5
What is (2 - -14) + -83 + 90 + -8 + 16?
31
Calculate -272 - (106 + 34 - 283).
-129
Calculate (2 - -17) + (85 + -44 - 124).
-64
Calculate 14 + 72 + -412 + 330.
4
-54 - ((33 - 139) + 26)
26
Calculate (-42 - (-17 + -45)) + (21 - (5 - 1)).
37
What is 12 - (-17 - -1 - (28 + 66 + -40))?
82
What is 1 + (-2 - ((-2 - -1) + 4)) - (-203 + 148)?
51
What is the value of (0 - -13 - (17 + 28 + -25)) + 7?
0
What is -7 + 16 + -51 - (9 - -28)?
-79
Evaluate -9 - (-2 + -6 - 31) - (-10 + 4).
36
Evaluate -1 - 7 - (-17 - (-10 + 7)).
6
Evaluate 2 + -4 - (33 + -104 - -34).
35
70 + (19 - 84) + (4 - 15)
-6
Evaluate 101 + 13 + 0 - 29.
85
What is (23 - (34 - (-3 - 3))) + 0 + -16?
-33
(1788 - 1715) + -55 + 1
19
Calculate -37 + (8 + (-20 - 10) - -18).
-41
Evaluate 0 + 118 - -1 - (107 + 1 + (7519 - 7626)).
118
(5 + -1 - 11) + (-7 - (59 + 9 + -6))
-76
What is 11 - (-4 + -20 - (17 - (9 - 1)) - -3)?
41
What is the value of 37 - ((-108 - -121) + 1 + 3 + -16 + 2)?
34
What is 246 + (-305 - -80) + (-1 + 0 - -47)?
67
What is (3 - 2) + 45 + 285 + (-243 - 57)?
31
What is 1 - 1 - (7 + -13 + 11 + 17 - 9)?
-13
What is the value of (-28 - 1) + (-90 - -81 - -29) + 87?
78
Calculate (-79 - (-98 - 9)) + (1 - 105).
-76
Evaluate -18 + 0 + (-41 + (35 - -45) - 26).
-5
Evaluate -21 + (9 + 8 - 66) - -5.
-65
Evaluate 16 - (-150 + 99 + 145).
-78
Calculate 3 - 0 - 13 - (182 - 179) - (34 + 42).
-89
Calculate -10 - (30 - (-6 + 25)).
-21
What is the value of -11 - ((-220 - -155) + 1 + -4 + -2 + 3)?
56
Evaluate 51 + (-20 - (54 - 57)).
34
Calculate 697 + -682 - (19 + -15 - (1 + -34)).
-22
What is 1 + -4 + 32 - (166 - 164)?
27
Evaluate 0 + (-1 - 10) + 0 - (-80841 - -80862).
-32
(10 + -2 - -1) + (-1 - (2 - 5) - -11)
22
Calculate (-14 - -1) + (9 - -39) + (-9 - -12).
38
Evaluate -29 + (11 - -45) - (12 + 2).
13
-9 + (-4 - (9 - (7 + -8 + 5 + 10)))
-8
2 - (2 - 0) - -3 - (144 - 130)
-11
What is the value of -28 - (3 + (-8 + 18 - 29))?
-12
Calculate 19 + -8 + 25 + 7 + -22.
21
(-1 - -8) + (21 - (19 - (-31 - -33))) - -62
73
What is -62 + (-11 - (-19 - -10)) + 15 + -8?
-57
What is the value of -10 + (8 - ((9 - (18 - 8)) + -7 + -18))?
24
What is the value of 1 + (-8 - 1 - (-12 + -12))?
16
Calculate 90 - 190 - (16 - 123).
7
Evaluate 23 - (19 + -19) - (119 - -16).
-112
Evaluate 1 - ((20 - 9 - 16) + (6 - 3)).
3
Evaluate (7048 - 7119) + 59 + 0.
-12
Calculate 126 + -2 - (22 + -40 + 11 - -20).
111
-192 - (-48 + -119 + 71)
-96
What is (-77 - (-7 + 7 + -2)) + (93 - 110)?
-92
What is the value of 5 + -21 + 3 - ((-48 - -6) + 2)?
27
What is (-21 + 82 - (-39 + 40)) + -6?
54
What is 7 + (-1 - (1 + 4)) + 31 - (25 - 33)?
40
What is the value of (0 - -2) + 64 - (-60 + 21 + 36 + -12)?
81
Calculate (-2 - -9) + 0 + -229 + (-5 - -213).
-14
What is 4 + -7 - 16 - (21 + -37 + 24)?
-27
Calculate -653 + 652 + -1 + 18.
16
Calculate 6 + (-14 + 0 - (3 - 32)).
21
What is the value of 6 + (7 - (10 + 1)) - (1 - 9)?
10
-3 + 7 - (-4 + 14) - (-17 + 10 + 4)
-3
What is -22 + (22 - 14) + 16 + -11 + 4?
-5
What is the value of -15 + -53 + 101 - 63?
-30
Evaluate -46 - (-15 + 44 + -26).
-49
Calculate -2 + 4 - 6 - (21 - -56 - 131).
50
Evaluate (256 + -222 - (-3 - 17)) + (17 - 0).
71
12 + (-11 - (0 - (-15 + 14)))
0
What is 21 + 22 + (-88 - (11 - 43))?
-13
What is the value of (-374 - -271 - (1 - -46)) + 17 + -2?
-135
Evaluate -41 + -10 + -93 + 71 - (0 - -5).
-78
Evaluate (-8 - 0 - 0) + (2 + 139 - (301 - 280)).
112
Evaluate 107 + 6 + (69 - 135).
47
174 + -96 - ((58 - 54) + -1 + 1 - 3)
77
Calculate (7 + -2 - (-14 + 19)) + 74 + (13 - 11).
76
What is the value of (-3 - -81) + 21 + -27 + (65 - 66)?
71
-33 + 2 + (-17 - -37) - 28
-39
Calculate -315 + 294 + (5 - 3 - -36) + -71.
-54
Calculate -39 + (31 - (-128 + (8 - -30))).
82
Evaluate (41 - 77) + (1 + -29 - -82).
18
What is the value of -182 + 114 + 81 - (-44 - ((-4 - -1) + 0))?
54
Evaluate -45 + 32 + (-28 - -29).
-12
2 + -6 + 214 + (269 - 413)
66
Calculate -10 - ((25 - (19 - 17)) + 2 + (-2 - 4)).
-29
What is -2 - (-4 + -7 + (37 - 26))?
-2
What is 0 + 65 - (-10653 - -10768)?
-50
122 + -3 - (3 + 3 + (-19 - -18) + -7)
121
What is (-658 - -659 - (10 + -1)) + (5 - 3 - 32)?
-38
What is -8 + -9 + 19 + 24 - 57?
-31
-9 + -13 + 2 + 10 + 4
-6
24 - ((-29 - -26) + -12 + 22)
17
Evaluate -65 - (-2 - 0) - (6854 + -6854).
-63
Calculate (-2 - -8) + (5 + 114 - 63) + 2 + -16.
48
-27 - (-16 + (20 - 27 - -13))
-17
Evaluate 24 + (39 + -31 - 51).
-19
What is the value of (-16 - 2) + 12 + 6 - (0 - (-2 - -2))?
0
Calculate 4 + (1 - 5) + (1 - -4) + -9.
-4
Evaluate 50 - (2 + (64 - 20)).
4
What is -38 + 23 + -12 + 4 - -21?
-2
What is 6 + -20 - -4 - (256 - 252) - 25?
-39
-246 + -49 + 178 + (-3 - (-1 + -3) - -14)
-102
(-120 - -154) + -5 - 67
-38
What is 27 - (73 - (4 - -16)) - (-1 - 10)?
-15
-146 + 108 - (-30 + -45)
37
Calculate -714 + 634 + (25 - -2).
-53
24 + -19 + (101 - 64)
42
Evaluate 74 + (4 - (11 - (9 - (-1 - -7))) - -4).
74
What is -2 + -41 - (9622 - 9799)?
134
What is the value of 1 + -4 + (-167 - -168)?
-2
Evaluate (67 - -61 - 114) + (-1 + -106 - -1).
-92
What is the value of 5 - (-16 + (32 - (0 - -2)) - -80)?
-89
What is 17 + (748 + -746 - ((1 - 0) + 8))?
10
What is the value of (-517 - -503) + (-3 - -3 - -92 - -1)?
79
72 + -6 + 38 - 42
62
2 - -4 - ((-12 + 38 - 2) + -30 + 34)
-22
-67 - ((7 - (10 + -1) - 1) + 4) - 0
-68
667 + -656 - (37 - 1) - -122
97
What is the value of 58 - (58 + -5 + -41)?
46
(-172 - (-39 + 30)) + 68
-95
Calculate 20 - 46 - (-12 + 2) - (-5 + 0).
-11
What is 76 - (27 - (44 + -42 + -11))?
40
-28 + -43 - (-147 + 218)
-142
Calculate 4 - ((-25 - -9) + 32 - (-6 - 1)).
-19
What is -15 + 7 - (-58 + (-1 - (-13 - -26))) - 0?
64
What is the value of -7 - (-18 - (42 - 23))?
30
Calculate -211 - -3 - (-3265 + 3177).
-120
What is 73 + -21 + (15 + 6 - 22)?
51
Evaluate (120 - (16 + 96)) + -100.
-92
-10 - ((-2 - 2) + -97 + 124)
-33
What is 11 + -17 + 25 + (3 - 3) + 16?
35
What is the value of -5 + 9 + -17 - (-1 - -9 - 16)?
-5
What is the value of -95 - (-3 + (-9 + 39 + -12 - 33))?
-77
-14 + (-13 - -28 - (-31 - -31))
1
What is the value of 109 - (-13 - (4 - (-2 - -7) - 15))?
106
What is the value of -15 + 0 - ((1097 - 1101) + -4 + -1) - -2?
-4
Calculate (7 - (-4 - -8 - -7)) + 6 + 17.
19
What is (-4 - (-40 + 34)) + 32?
34
Evaluate 3 - -5 - 13 - (80 + -45 - (-1 - 6)).
-47
Calculate -9 + -17 + -2 + -5 + 11.
-22
Calculate 12 - (204 + -198 + (23 - (-7 + 4))).
-20
Evaluate (-72 - -30) + 31 + 70.
59
-281 + 300 - (10 - 45)
54
What is the value of 104 + (215 - 89 - 93)?
137
What is (39 - 54) + -56 + (0 + 2 - (7 + -8))?
-68
Calculate -59 - (34 + -8 + -65).
-20
What is the value of -24 + (56 - 18) + -49?
-35
Evaluate -4 + (12 - -4) + (19 - 48) + 3.
-14
What is the value of 16 - (5 + 5 + (-45 - (2 + 5)))?
58
What is the value of -3 - (-2 + 1) - (17 - 26 - -15 - 13)?
5
Evaluate (1 - -16) + (-230 - -257) - 13.
31
What is 55 + 46 + -35 - 47?
19
Evaluate 21 + (6 - ((17 - 11) + 11)) + -13 - 69.
-72
What is 46 - (-75 + -17) - (-2 + 7 + -4)?
137
What is 20 + -4 + ((-1 - 13) + 6 - -1) - -50?
59
-24 + -58 + 68 - -28 - (1 + -1 + 9)
5
4 - (2 - 51 - -99)
-46
Calculate -2 + 4 + -67 + (46 - 118) + 55.
-82
(-35 + 17 - -3) + 1 - -15
1
What is -2 + (6 - 0) + -1 + (5440 - 5409)?
34
(16 - (4 - -10)) + (14 - (-49 - 9))
74
What is (28 - 100) + 27 - 3?
-48
Evaluate 36 + -55 - 2 - (-52 - -6).
25
Calculate 19 + (-15 + -36 - -53).
21
What is the value of 11 - (-5 + (-4 - -3) - (7 + 29 + 9))?
62
Calculate -8 + -1 + -24 + (38 - 25) - (8 + 0).
-28
Calculate (-113 + 56 - -52) + (-17 